 -14 (base 8) to base 11.
-11
51 (base 6) to base 2
11111
Convert 190 (base 11) to base 15.
ea
59 (base 11) to base 8
100
Convert -5 (base 6) to base 13.
-5
Convert 36 (base 7) to base 6.
43
What is 19 (base 11) in base 9?
22
64 (base 9) to base 6
134
124 (base 5) to base 6
103
Convert -2 (base 4) to base 8.
-2
Convert -11 (base 4) to base 7.
-5
-1 (base 11) to base 14
-1
What is 10 (base 3) in base 4?
3
Convert 0 (base 12) to base 9.
0
Convert 11210 (base 3) to base 14.
93
Convert 63 (base 7) to base 9.
50
Convert 13 (base 9) to base 6.
20
ba (base 12) to base 16
8e
Convert 1011 (base 4) to base 15.
49
Convert 4 (base 10) to base 5.
4
What is -10 (base 4) in base 16?
-4
What is -6 (base 7) in base 3?
-20
-2 (base 13) to base 16
-2
What is -60 (base 8) in base 2?
-110000
Convert -5 (base 12) to base 16.
-5
Convert 3322 (base 4) to base 13.
163
Convert -17 (base 13) to base 15.
-15
What is 10 (base 2) in base 8?
2
35 (base 16) to base 6
125
What is -100101 (base 2) in base 4?
-211
1 (base 4) to base 13
1
12 (base 6) to base 14
8
What is 2 (base 11) in base 6?
2
What is 5 (base 11) in base 5?
10
Convert 1 (base 13) to base 2.
1
32 (base 14) to base 16
2c
Convert 1122 (base 5) to base 7.
321
What is 113 (base 4) in base 11?
21
-3 (base 4) to base 5
-3
What is 3 (base 8) in base 2?
11
What is 32 (base 7) in base 9?
25
Convert -1 (base 2) to base 4.
-1
-5 (base 6) to base 15
-5
What is -3 (base 6) in base 7?
-3
What is 47 (base 10) in base 11?
43
-8 (base 12) to base 6
-12
What is 2 (base 5) in base 14?
2
Convert 3 (base 9) to base 16.
3
What is -1 (base 9) in base 15?
-1
-3 (base 5) to base 8
-3
What is -3 (base 16) in base 14?
-3
What is -83 (base 10) in base 8?
-123
b (base 16) to base 5
21
-4 (base 9) to base 16
-4
-10 (base 14) to base 8
-16
Convert -30 (base 14) to base 15.
-2c
Convert 11 (base 5) to base 3.
20
-154 (base 7) to base 16
-58
46 (base 8) to base 7
53
Convert -15 (base 13) to base 5.
-33
Convert 1 (base 8) to base 11.
1
203 (base 4) to base 8
43
Convert -1121 (base 3) to base 14.
-31
Convert 11 (base 11) to base 5.
22
What is 26 (base 12) in base 2?
11110
29 (base 16) to base 2
101001
-206 (base 8) to base 4
-2012
-15 (base 6) to base 15
-b
Convert 53 (base 16) to base 3.
10002
What is -32 (base 4) in base 6?
-22
What is 43 (base 9) in base 4?
213
8 (base 13) to base 11
8
Convert -21 (base 3) to base 16.
-7
Convert -107 (base 12) to base 6.
-411
Convert 31 (base 12) to base 3.
1101
2 (base 12) to base 4
2
What is 101 (base 2) in base 3?
12
Convert 125 (base 10) to base 7.
236
Convert 120 (base 3) to base 7.
21
186 (base 13) to base 3
101100
-120 (base 3) to base 8
-17
What is 13 (base 10) in base 7?
16
Convert -100 (base 4) to base 7.
-22
What is -2 (base 9) in base 4?
-2
Convert -8b (base 15) to base 7.
-245
1111 (base 3) to base 10
40
What is 10 (base 7) in base 16?
7
What is -28 (base 15) in base 4?
-212
What is -2 (base 8) in base 10?
-2
-3 (base 7) to base 11
-3
61 (base 8) to base 3
1211
What is -1b (base 15) in base 13?
-20
What is 0 (base 16) in base 12?
0
What is 1211 (base 5) in base 7?
346
-2 (base 13) to base 5
-2
Convert -2 (base 10) to base 15.
-2
15 (base 12) to base 4
101
-111 (base 7) to base 5
-212
Convert -1001 (base 3) to base 8.
-34
Convert 7 (base 14) to base 5.
12
-17 (base 11) to base 6
-30
Convert 2 (base 4) to base 7.
2
-2213 (base 4) to base 5
-1132
-4 (base 14) to base 13
-4
What is -10 (base 7) in base 12?
-7
What is 9 (base 16) in base 4?
21
-4 (base 13) to base 16
-4
-3 (base 8) to base 16
-3
-654 (base 7) to base 3
-110100
Convert 113 (base 4) to base 10.
23
Convert 11 (base 3) to base 13.
4
4 (base 11) to base 14
4
-2 (base 11) to base 3
-2
119 (base 10) to base 6
315
Convert -1000 (base 2) to base 12.
-8
What is -10011 (base 2) in base 4?
-103
Convert 2 (base 5) to base 6.
2
Convert 2 (base 3) to base 6.
2
Convert -101 (base 2) to base 3.
-12
48 (base 11) to base 4
310
What is 1c (base 15) in base 9?
30
What is 13 (base 7) in base 5?
20
Convert -3 (base 6) to base 9.
-3
Convert 113 (base 8) to base 6.
203
What is 1 (base 10) in base 6?
1
-3 (base 15) to base 12
-3
What is 7 (base 12) in base 16?
7
What is 1210 (base 4) in base 14?
72
Convert 38 (base 10) to base 7.
53
What is 10 (base 2) in base 12?
2
1 (base 2) to base 8
1
-1 (base 14) to base 12
-1
-12 (base 12) to base 5
-24
Convert 101101 (base 2) to base 8.
55
What is 11 (base 3) in base 11?
4
-40 (base 5) to base 11
-19
What is -41 (base 7) in base 3?
-1002
What is 25 (base 6) in base 2?
10001
Convert -28 (base 16) to base 3.
-1111
What is -6 (base 11) in base 12?
-6
Convert 2 (base 13) to base 4.
2
103 (base 6) to base 15
29
What is 0 (base 2) in base 12?
0
1 (base 15) to base 6
1
Convert 0 (base 4) to base 12.
0
101 (base 2) to base 3
12
What is 5 (base 13) in base 14?
5
3 (base 10) to base 11
3
Convert 1210 (base 5) to base 8.
264
What is -20 (base 3) in base 15?
-6
Convert 3 (base 10) to base 14.
3
Convert -5 (base 11) to base 5.
-10
-4 (base 9) to base 7
-4
-82 (base 12) to base 11
-8a
What is -12011 (base 3) in base 4?
-2023
Convert 3 (base 13) to base 3.
10
-2 (base 12) to base 9
-2
-21 (base 7) to base 6
-23
-4 (base 14) to base 11
-4
Convert -10 (base 3) to base 11.
-3
What is -5 (base 14) in base 15?
-5
What is 23 (base 12) in base 15?
1c
-19 (base 11) to base 16
-14
Convert 101 (base 2) to base 4.
11
Convert 51 (base 6) to base 3.
1011
-2 (base 13) to base 9
-2
Convert -2 (base 4) to base 13.
-2
What is -3 (base 11) in base 9?
-3
What is 3 (base 6) in base 8?
3
What is 1 (base 9) in base 16?
1
408 (base 9) to base 7
653
What is 6 (base 12) in base 10?
6
What is 1 (base 15) in base 7?
1
Convert -23 (base 8) to base 4.
-103
Convert 210 (base 4) to base 11.
33
-47 (base 10) to base 16
-2f
What is c (base 13) in base 5?
22
Convert -70 (base 13) to base 7.
-160
Convert -6 (base 10) to base 4.
-12
Convert 3302 (base 4) to base 9.
288
Convert 226 (base 7) to base 8.
166
What is -2 (base 10) in base 13?
-2
Convert -10011 (base 2) to base 8.
-23
-12 (base 4) to base 14
-6
-327 (base 9) to base 12
-1a4
What is -105 (base 7) in base 13?
-42
What is -39 (base 14) in base 16?
-33
What is -2 (base 12) in base 8?
-2
What is -30 (base 4) in base 13?
-c
What is 1 (base 8) in base 11?
1
-a (base 13) to base 14
-a
Convert 3 (base 14) to base 15.
3
1011 (base 2) to base 9
12
Convert -11 (base 3) to base 9.
-4
117 (base 15) to base 4
3313
Convert -38 (base 13) to base 5.
-142
Convert 2 (base 8) to base 12.
2
34 (base 10) to base 9
37
What is -11 (base 12) in base 5?
-23
Convert -10 (base 6) to base 9.
-6
-1 (base 12) to base 15
-1
Convert 183 (base 11) to base 14.
112
Convert -1001 (base 3) to base 6.
-44
Convert a0 (base 13) to base 6.
334
Convert -17 (base 15) to base 7.
-31
164 (base 10) to base 9
202
Convert -2 (base 12) to base 7.
-2
Convert b (base 15) to base 10.
11
Convert 28 (base 11) to base 10.
30
Convert 20001 (base 3) to base 13.
c7
1231 (base 5) to base 13
119
Convert 12220 (base 3) to base 10.
159
Convert -5 (base 6) to base 11.
-5
82 (base 14) to base 2
1110010
Convert 2 (base 13) to base 11.
2
What is 176 (base 8) in base 3?
11200
-46 (base 9) to base 6
-110
What is -44 (base 5) in base 7?
-33
Convert 53 (base 9) to base 4.
300
Convert 4 (base 12) to base 3.
11
Convert -3 (base 4) to base 11.
-3
-1 (base 10) to base 4
-1
Convert 3 (base 11) to base 2.
11
What is -3 (base 13) in base 5?
-3
What is 12220 (base 3) in base 14?
b5
Convert -17 (base 14) to base 5.
-41
Convert -8 (base 12) to base 14.
-8
Convert -2 (base 9) to base 7.
-2
30 (base 12) to base 2
100100
What is 1 (base 3) in base 11?
1
19 (base 15) to base 4
120
Convert 17 (base 13) to base 6.
32
What is 3 (base 7) in base 12?
3
What is 1001100 (base 2) in base 11?
6a
Convert -23 (base 5) to base 12.
-11
What is 1203 (base 5) in base 9?
217
2220 (base 4) to base 3
20020
Convert -2 (base 6) to base 10.
-2
What is 1101001 (base 2) in base 4?
1221
Convert 2 (base 12) to base 9.
2
What is 1 (base 10) in base 6?
1
Convert 4 (base 6) to base 7.
4
Convert 11101100 (base 2) to base 6.
1032
2 (base 12) to base 6
2
Convert 0 (base 6) to base 2.
0
What is 10 (base 2) in base 12?
2
What is -13 (base 4) in base 8?
-7
-6 (base 15) to base 6
-10
Convert -10 (base 3) to base 5.
-3
What i